*j + 5*q = -526, 2*j - 4*q = -2*q + 348. Suppose 2*r = 5*r - v - 152, 4*v - j = -3*r. Calculate the remainder when r is divided by 28.
24
Suppose 10 = 2*g, 2*h + 125 = 4*h + 3*g. What is the remainder when 177 is divided by h?
12
Let c(f) be the third derivative of -f**5/60 + 3*f**4/4 - 3*f**3 - 29*f**2. Calculate the remainder when c(8) is divided by 21.
20
Suppose 19 + 41 = -5*r. Let n = 266 + -260. What is the remainder when (5/3)/((-2)/r) is divided by n?
4
Let g(v) = -6*v - 35. Let b(m) = 2*m**2 - 5*m + 7. Let q be (-18)/(-4)*4/3. Calculate the remainder when b(q) is divided by g(-10).
24
Suppose 4*d - 174 = 3*x, -5*d - 9*x + 10*x = -212. What is the remainder when 198 is divided by d?
30
Let y(z) = 3*z + 4. Let v be y(5). Suppose -17*h = -v*h + 30. Calculate the remainder when 42 is divided by h.
12
Let t = 50 - 52. Suppose 0 = 5*j - 2*j - 27. Let s = j - t. What is the remainder when 41 is divided by s?
8
Suppose -2*o - 2 = -8. Suppose 4*w - 117 = 2*w + 5*g, 3*w + 4*g = 210. Suppose f = 2*f - 5*r - w, -f + 42 = o*r. What is the remainder when f is divided by 18?
15
Suppose -83*r - 1769 = -12725. Calculate the remainder when r is divided by 63.
6
Let t = 17 + -12. Suppose -t*c + 40 = -0*c. What is the remainder when (-9)/27 + (-43)/(-3) is divided by c?
6
What is the remainder when (-40)/((-9)/((-81)/(-6))) is divided by 9?
6
Let i be 2 - (258/9)/(6/9). Let j = i - -67. What is the remainder when 76 is divided by j?
24
Let i(t) = -16*t - 2. Let r(f) = 8*f + 1. Let m(b) = -3*i(b) - 5*r(b). Calculate the remainder when ((36 - 31) + -2)*(-2 - 23/(-3)) is divided by m(1).
8
Let d = 322 - 190. Calculate the remainder when d is divided by 70.
62
Let f(t) = 3*t + 3. Let r be f(13). Let w = 81 - r. Calculate the remainder when w is divided by 15.
9
Let a be 3*(-4)/24*-10. Suppose -16 - 14 = a*r. Calculate the remainder when (-1485)/(-65) - r/39 is divided by 13.
10
What is the remainder when 0 - (30/(-6) + -2496 - -3) is divided by 49?
48
Suppose -76 = -8*x - 20. Suppose -2*l - 3*t + x*t = -14, 0 = -l - t + 19. What is the remainder when l is divided by 7?
1
Let g = -13 - -48. Calculate the remainder when g is divided by 17.
1
Let v(g) = g**3 - 7*g**2 - 12*g + 16. Let q be v(8). Calculate the remainder when (36/q - -3)*92 is divided by 21.
6
Let y = -3 - -11. Calculate the remainder when ((-603)/27 - 9)*((4 - 5) + -2) is divided by y.
6
Let a = -8 - -17. Suppose -a = 12*d - 9*d. Calculate the remainder when 13 is divided by -1 + ((-15)/(-3) - d).
6
Let b(z) = 29*z**3 + z**2 - 2*z + 1. Calculate the remainder when b(1) is divided by 29.
0
Let d(x) = -x**3 - 4*x**2 - 2*x - 4. Let w be d(-4). What is the remainder when 38 is divided by (-8)/(3 - -29) - (-85)/w?
17
What is the remainder when 151 is divided by 225/90*(1 + (-302)/(-10))?
73
Suppose 8*w - 6*w = t - 65, -3*t + 195 = 3*w. What is the remainder when t is divided by 47?
18
Let g(i) = -i**2 + 7*i - 12. Let j be g(5). Let f be 3*(32/(-12))/j. Suppose f*u = 89 - 13. Calculate the remainder when 36 is divided by u.
17
Let t(i) = -i**3 + 10*i**2 - 2*i + 5. Calculate the remainder when t(4) is divided by 1*(-38)/(-6 + 4).
17
Suppose 46 = a - 3*i, 0 = 5*a - 3*i - 0*i - 206. Calculate the remainder when a is divided by 12.
4
Suppose 947 = 3*x - 3*c + 119, -2*c = 4. Calculate the remainder when x is divided by 66.
10
Let o(r) = 4*r**2 + 13*r + 5. What is the remainder when o(-7) is divided by 33?
11
Let a = -83 + 146. What is the remainder when 116 is divided by a?
53
Let w(p) = -p**2 - 7*p - 4. Let s be w(-5). Let o(u) = u**3 + 0*u**2 + 10 - 2*u - 1 - 6*u - 4*u**2. What is the remainder when o(s) is divided by 9?
6
What is the remainder when 82 + (60/90)/((-2)/(-3)) is divided by 35?
13
Let c be 1 + (3/6*2 - 50). Let r = c - -94. Calculate the remainder when r is divided by 16.
14
Let m(z) = 3*z - 14. What is the remainder when 231 is divided by m(9)?
10
Let q(m) = -2*m**3 - 3*m**2 + 5*m + 1. Let x(y) = -4*y**3 - 6*y**2 + 11*y + 2. Let j(p) = 9*q(p) - 4*x(p). What is the remainder when j(-3) is divided by 13?
12
Suppose -4*u + i + 177 = 0, -6*i = -u - 10*i + 40. What is the remainder when 127 is divided by u?
39
Let x = 26 - 24. Suppose -3*q - 2*m = -38, -x*q + 6*q + 2*m - 48 = 0. Calculate the remainder when (-9)/(-15)*4*20 is divided by q.
8
Let g = -32 + 36. Suppose -g*h = -4*y - 0*y + 44, -5*y + h = -75. Calculate the remainder when 28 is divided by y.
12
Let g = 91 + -49. Suppose -5*d - 129 = -y, 3*d + 436 + 63 = 4*y. What is the remainder when y is divided by g?
40
Let l(r) = -40*r + 237. Suppose -3*n + 4*n - 26 = 0. What is the remainder when l(4) is divided by n?
25
Let j = -476 + 528. Calculate the remainder when j is divided by 7.
3
Suppose 0 = -0*f - 5*f + g + 630, -f + g = -130. Calculate the remainder when f is divided by 18.
17
Suppose 3*m + 5*a - 150 = -7, -2*a = 4*m - 186. Let d = 94 - 32. Let r = -50 + d. What is the remainder when m is divided by r?
10
Suppose 0 = 4*f - 9*f - z + 499, -2*z = 3*f - 305. Calculate the remainder when f is divided by 2.
1
Suppose 85*g + 1238 = 87*g. Calculate the remainder when g is divided by 89.
85
Suppose -23*c + 19*c + 60 = 0. Let b = c + 9. What is the remainder when b is divided by 15/10*52/6?
11
Let g(n) = 3*n**2 - 196*n - 102. What is the remainder when 147 is divided by g(66)?
27
Let b be (1058/4 + -5)/((-3)/4). Calculate the remainder when b/(-8) - ((-12)/16)/(-3) is divided by 1 - 2 - 3*-4.
10
Let w(u) = -8*u**3 - 2*u**2 + u + 2. Let d be w(-1). Calculate the remainder when 26 is divided by (-2)/d - (-130)/14.
8
What is the remainder when (2*4/(-8))/((-2)/166) is divided by 14?
13
Suppose 5 = -3*r + 4*z + 4, r + 5*z - 25 = 0. Let v = r + 52. Let i = v - 38. What is the remainder when i is divided by 5?
4
Suppose 0 = 6*y - 201 + 153. What is the remainder when 175 is divided by y?
7
Suppose -5*p - z = -0*p + 6, 2*p + 4*z = 12. Suppose -k - b + 33 = -2*b, 0 = 5*k + 2*b - 130. What is the remainder when -162*(p + 3/2) is divided by k?
25
Suppose y - 12 = -4*l, 18*y + 2*l = 23*y - 170. Calculate the remainder when 57 is divided by y.
25
Let q = 18 - 12. Let d = 32 + q. What is the remainder when 111 is divided by d?
35
Suppose -5*n + 316 = -4*r, -2*n - 31*r = -33*r - 128. What is the remainder when 231 is divided by n?
51
Suppose 199 = 4*b + 3*q, -26 = -2*b - 2*q + 76. Let h = 53 - 21. Let p = b - h. What is the remainder when p is divided by 4?
2
Suppose 4*w + 4*l - 4 = -16, -l - 5 = 0. Suppose -w + 18 = 2*g. Let m = g - -21. Calculate the remainder when m is divided by 16.
13
Suppose -3*r = j - 38, -5*r = -4*j + 14 - 66. What is the remainder when 32 is divided by r?
8
Let s = 5 + -3. Suppose 2*o = -s*o + 28. Let r(w) = 11*w**2 + w + 1. What is the remainder when r(-1) is divided by o?
4
Suppose z + z - 16 = 0. Let u(b) = -2*b**2 - 6*b + 18. What is the remainder when u(0) is divided by z?
2
Let g(p) be the first derivative of -5*p**2 - 4*p - 1. Calculate the remainder when g(-2) is divided by 10.
6
Let a = 4 - -9. Suppose 21*p - 24*p + 3 = 0, 4*d + 2*p = 98. What is the remainder when d is divided by a?
11
Calculate the remainder when 303 is divided by (6 + -25)/(-1) - (0 - -2).
14
Suppose 5*c - 4 - 56 = -5*h, h = 2*c + 18. Suppose -2*r = -3*r - u + h, -4*u = 0. Let o = 88 - r. What is the remainder when o is divided by 25?
24
Let g be 2/(-12) - 91/(-6). Suppose -4*f = f - g. Suppose f*v + 9 = 0, 3*z + v + v = 90. Calculate the remainder when 95 is divided by z.
31
Suppose 0 = 65*p + 705 - 2005. What is the remainder when 76 is divided by p?
16
Calculate the remainder when (-25)/(5/1)*-1 is divided by 3.
2
Suppose -3*g + 4*u = 10, -4*u - 1 = -2*g - 9*u. What is the remainder when 61 is divided by 43/2 - (-2 + 3)/g?
17
Let n(c) = 4*c**3 - c**2 - 3*c - 2. Calculate the remainder when n(4) is divided by (-574)/(-10) - 30/975*13.
55
Let p(o) = -4*o + o**3 + 5*o - 5*o - 10*o + 11 - 14*o**2. Suppose 3*s = 4*s - 4*q - 34, -5*s - q = -65. Calculate the remainder when p(15) is divided by s.
12
Let o(b) = 29*b**3 - 4*b + 3. Calculate the remainder when 132 is divided by o(1).
20
Suppose 28*k + 3220 = 13804. What is the remainder when k is divided by 8?
2
Let d(v) be the second derivative of -v**5/20 - 5*v**4/12 + v**3/2 + 3*v**2 + 5*v. Let r be 